actors of z.
2, 3, 7
Let l(d) = 9*d**3 + 4*d**2 + d + 22. List the prime factors of l(5).
2, 313
Let j(h) = 14*h**2 + 18*h - 27. Let b be 1/(((-12)/44)/(-3)). Let v(x) = -5*x**2 - 6*x + 9. Let r(c) = b*v(c) + 4*j(c). List the prime factors of r(-8).
7
Suppose -5*n = 2*o - 616, -o = -2*n + 193 + 57. What are the prime factors of n?
2, 31
Suppose 2*o - 2*r = -2, -r + 1 = o - 0. Suppose 5*t + 6 + 19 = o, 4 = -f - 3*t. List the prime factors of f.
11
Let h(p) = 2*p**2 - 16*p + 10. Let g(b) = b + 1. Let n(o) = g(o) + h(o). Let k be n(10). Let m = -35 + k. What are the prime factors of m?
2, 13
Suppose 0*i = -i + 7. Suppose 6 = i*y - 4*y. Suppose -y*h = -h - 31. List the prime factors of h.
31
Let s(z) = 5*z - 3. Let y(d) = 3*d - 2. Let v(q) = 6*s(q) - 11*y(q). Let k = 3 - 8. What are the prime factors of v(k)?
19
Suppose -7 = 2*u - 3*l, -5*u + 2*l - 4 = -3. Let f be 2 + -4 + u + 6. Suppose 2*q = f*q - 18. List the prime factors of q.
2, 3
Let h be 8/10*335/(-2)*2. What are the prime factors of (8 - 8) + h/(-2)?
2, 67
Suppose 4*u + 2*b = 1672, 4*u = 2*b + 811 + 861. List the prime factors of u.
2, 11, 19
Let x(f) = 5*f - 5. Let g = -7 - -8. Let b = 5 - g. What are the prime factors of x(b)?
3, 5
What are the prime factors of (-890)/(-45) + 9/(567/14)?
2, 5
Let g be ((-75)/21 - -3)*-7. Suppose -k = g*k - 155. Let w = k - 8. What are the prime factors of w?
23
Let j(y) = y - 10. Suppose -28 = 5*u - 78. Let m be j(u). List the prime factors of -10*((-20)/8 - m).
5
Suppose -g - h + 24 = 0, g = 3*h - 7*h + 36. Let y = g - 14. List the prime factors of ((-8)/y)/((-34)/357).
2, 7
Let y(q) = 2*q**2 - 33*q + 30. Let a be y(16). Suppose -a*d - 904 = -18*d. List the prime factors of d.
2, 113
Let b(d) = -2*d**2 + 34*d - 19. What are the prime factors of b(14)?
5, 13
Suppose k + 27 = -2*k. Let t(d) = -d - 13. Let w be t(k). Let p(o) = o**3 + 5*o**2 + 2*o + 6. List the prime factors of p(w).
2, 7
Let a(u) = 4*u**3 + 5*u**2 + 19*u - 63. What are the prime factors of a(5)?
3, 73
Suppose 0*q = 5*t - q - 1762, -3*q + 346 = t. Suppose -2*j + 3*y = -41 - t, 2*j - 394 = 2*y. List the prime factors of j.
2, 3, 11
Let g(u) = 48*u**2 + 34*u - 1. List the prime factors of g(-2).
3, 41
Let p = 243 + -99. What are the prime factors of p?
2, 3
Suppose -9*t + 2204 = -5*t. What are the prime factors of t?
19, 29
Let s(d) = d**3 - 8*d**2 + 8*d. Let l be s(7). Suppose 0 = -3*h + 107 + l. List the prime factors of h.
2, 19
Let q = 1 + -47. List the prime factors of (q - 0)/((-2)/3).
3, 23
Let t = 19 + -15. Suppose -2*s = a - 22 - 37, 5*a - t*s - 309 = 0. What are the prime factors of a?
61
List the prime factors of 48096/270 + (-2)/15.
2, 89
Let v(y) = 3*y + 1 - 6 + 4. Let a be (-10)/6*(0 - 3). List the prime factors of v(a).
2, 7
Let o = -12 + 22. Suppose 0*x + 3*u = x + 5, -4*u + 20 = -4*x. Let l = x + o. What are the prime factors of l?
5
Suppose 3*t = -5*b + 4223 + 112, 0 = -2*b + 5*t + 1765. Suppose -3*r - 3*r + b = 0. List the prime factors of r.
5, 29
Let a = 602 - 173. Suppose 3*c - 2*b - 420 = 0, 3*c = -b - 0*b + a. What are the prime factors of c?
2, 71
Let q(o) = -o + 4. Let j be q(-4). Let x(y) = 2*y**2 - 4*y - 10. What are the prime factors of x(j)?
2, 43
Let x(f) = -16*f**3 - 10*f**2 + 2*f - 3. Let m(d) = 17*d**3 + 11*d**2 - 3*d + 4. Let j(k) = 5*m(k) + 6*x(k). List the prime factors of j(-2).
2, 19
Let w(m) = -m**2 + 10*m - 10. Let b be w(8). List the prime factors of (b/15)/(1/510).
2, 3, 17
Let o(q) = 16*q**2 + 21*q - 34. List the prime factors of o(8).
2, 3, 193
Suppose 4 = 2*y - 0. Suppose -4*g = -y*o - 2*g + 262, -2*o + 278 = 2*g. Suppose z - 44 = c, -3*z + 6*c + o = 2*c. What are the prime factors of z?
41
Let z = -2353 - -4279. What are the prime factors of z?
2, 3, 107
Suppose 3*p - 5*v - 138 = 0, 2*p - 65 - 52 = -5*v. What are the prime factors of p?
3, 17
Let m = 1894 + -1495. What are the prime factors of m?
3, 7, 19
Let x(g) be the second derivative of -g**6/720 - g**5/120 + g**4/6 + 8*g. Let j(r) be the third derivative of x(r). What are the prime factors of j(-3)?
2
List the prime factors of (12/(-10))/((-45)/6525).
2, 3, 29
Let h(o) = -12*o + 2 + 0 + 1 + 0*o. Let y be h(-2). Let j = 8 + y. What are the prime factors of j?
5, 7
Let n(t) = 3*t**2 - 54*t + 169. What are the prime factors of n(23)?
2, 257
Let k(d) = -1117*d - 814. List the prime factors of k(-4).
2, 3, 7, 29
Suppose -k - 126 = -7*k. Suppose -3*l + p + 121 = 0, -4*l - 5*p + k + 115 = 0. What are the prime factors of l?
3, 13
Suppose 1 = 5*o - 9. Suppose -5*p = 12 + 3, 4*w - 66 = -2*p. Suppose -o*d = -4 - w. List the prime factors of d.
11
Let u(k) = 2*k + 735. What are the prime factors of u(0)?
3, 5, 7
Let x(d) = -2*d - 5 - d**3 + 2 - 3*d + 10 + 12*d**2. List the prime factors of x(11).
73
Let a(u) = u + 3. Let n(r) = 4*r - 7. Let s(v) = -2*a(v) - n(v). Let p = 5 + -7. List the prime factors of s(p).
13
Let m(s) = 3*s - 5. Let w(q) = q**2 + 9*q + 5. Let p be w(-9). Let j be m(p). What are the prime factors of (14/(-4))/(-7)*j?
5
Suppose 3*d - 5*x + 15 = -2*d, -d = -4*x + 6. What are the prime factors of ((-7)/d)/((-19)/(-190))?
5, 7
Let l be -4*(-321)/(-24)*-2. Let u = -69 + l. List the prime factors of u.
2, 19
Suppose -5*l + 4*l + 3*s + 15 = 0, 20 = -2*l - 4*s. Suppose -2 = o, l*f = 2*f + o - 52. List the prime factors of f.
3
Let x be (-2 + -5 + 3)*-1. Suppose n - 416 = -5*h - 31, x*n = 0. Let b = h - 45. What are the prime factors of b?
2
Let d = -73 - -310. What are the prime factors of d?
3, 79
Suppose -207 = -5*o + 3*d, 4*o - 4*d - 208 = -36. Suppose 78 = 19*z + 7*z. Suppose -3*w = -3*k - o, -18 = -4*w + z*w - 4*k. What are the prime factors of w?
2, 7
Let b(a) = 3*a**2 + 3*a. Let d be b(-3). Let q be ((-21)/(-6))/(3/d). Suppose 2 = -f + q. What are the prime factors of f?
19
Let l be ((-10)/4)/(-5)*-6. Let o = 6 + l. Suppose -f + o = -7. List the prime factors of f.
2, 5
Let z be 0 - 4 - (4 - -1). Let k(r) = r + 30. Let d be k(0). Let h = z + d. What are the prime factors of h?
3, 7
Suppose -8*l - 7650 = -13*l. What are the prime factors of l?
2, 3, 5, 17
Let u be ((-3)/(-2))/((-33)/(-44)). What are the prime factors of ((-186)/(-12))/(((-1)/u)/(-1))?
31
Suppose 0 = -3*y - 3*s + 6225, 0*y - 4*s = 5*y - 10373. What are the prime factors of y?
3, 691
Suppose 0 = 12*b - 13144 - 20228. What are the prime factors of b?
3, 103
Let y(c) = -394*c + 193. List the prime factors of y(-5).
3, 7, 103
Let z(j) be the second derivative of -5/6*j**3 + 0 - j - 2*j**2. What are the prime factors of z(-3)?
11
Suppose 5*m - 25 = 175. Let n = m + 113. What are the prime factors of n?
3, 17
Suppose -6*b = -3*b - 87. Suppose -x + b = -32. List the prime factors of x.
61
Let f(k) be the first derivative of k**3/3 - 3*k**2/2 - 4*k - 1. Let c be 2/((-6)/15) - 0. What are the prime factors of f(c)?
2, 3
Let o be 1/(42/(-15) - -3). Suppose 200 - 585 = -o*v. Let i = -45 + v. What are the prime factors of i?
2
Suppose 2*h + 2*h = 28. Let t be (-1 + -215)*(-7)/h. Suppose 0 = -2*w - 2*w + t. What are the prime factors of w?
2, 3
Suppose -5*o = -o + g - 22, 3*o = -2*g + 19. Suppose 0*w = -o*b + 3*w + 167, -5*b - 4*w = -174. List the prime factors of b.
2, 17
Suppose 4*p - 766 = -p + n, -2*p - 3*n + 303 = 0. Suppose 0 = w + 4*z - p, z = -4*w - 2*z + 638. What are the prime factors of w?
7, 23
Let v(g) = 3 + 4 + 0*g - 3*g + 9. Let n be v(0). Suppose -m - 8 = -n. List the prime factors of m.
2
Let s = 70 - 66. Let y(z) = 2*z**3 - 5*z**2 + 5*z + 2. List the prime factors of y(s).
2, 5, 7
Let k be (51/6)/(-1 + (-13)/(-12)). Suppose -11*h - k = -14*h. List the prime factors of h.
2, 17
What are the prime factors of (4 - 13886/(-30)) + (-2)/(-15)?
467
Suppose 4*m = 4*y + 323 + 2297, 3*m - 2*y - 1967 = 0. List the prime factors of m.
3, 73
What are the prime factors of 9 + 2 + 1411 - -1?
1423
Let x = -29 + 34. Suppose -x*p = 5*a - 55, 3*p - 18 - 9 = -5*a. List the prime factors of p.
2, 7
Suppose -5 = -3*p + 2*t, 2 + 9 = p + 4*t. Suppose p*o = -3*v - 0*o + 12, -3*o = -5*v + 36. List the prime factors of v.
2, 3
Suppose 35992 = 37*c - 638. What are the prime factors of c?
2, 3, 5, 11
Suppose -d - 2 = 1. Let m(a) = -5*a - 5*a - a + 32 - 26. What are the prime factors of m(d)?
3, 13
Let n be (-2)/11 + 168/77. Suppose -